the remainder when k is divided by 13?
10
Suppose 0 = -58*d - 13 + 129. Calculate the remainder when 5 is divided by d.
1
Let i = -51495 - -80752. What is the remainder when i is divided by 20?
17
Let l(s) be the third derivative of -s**5/60 + 25*s**4/24 - 29*s**3/2 - 2*s**2 + 42. Calculate the remainder when l(8) is divided by 26.
23
Let j = 402 + -395. Let k(r) = 5*r**2 + r. Let c = -11 - -10. Calculate the remainder when j is divided by k(c).
3
Let m = -103 + 120. Suppose -178 + 42 = m*d. What is the remainder when 50 is divided by (-4)/3*126/d?
8
Suppose -5*v = -5*i + 4 - 84, -i = v - 6. Let f(d) = d**3 - 12*d**2 + 34*d - 9. What is the remainder when f(v) is divided by 49?
48
Let f = 57 - 44. Suppose 5*k + 32 = f*k. What is the remainder when 35 is divided by k?
3
Let p(i) = 6*i**2 + 109*i + 107. What is the remainder when 22 is divided by p(-1)?
2
Let j = -4731 - -4807. What is the remainder when j is divided by 28?
20
Calculate the remainder when 955 is divided by 7/((-63)/18) - 723/(-6)*2.
238
Let g = -53 - -188. Calculate the remainder when (32/(-10))/(27/g)*-4 is divided by 18.
10
Let m(q) = -q**3 - 7*q**2 - 12*q - 20. Let i be m(-6). Let l = 47 - 26. Suppose -l*k + 17*k + i = 0. Calculate the remainder when k is divided by 2.
0
Let s(b) be the third derivative of b**6/40 + b**5/60 - b**4/4 - b**3/3 - 61*b**2. What is the remainder when s(3) is divided by 37?
33
Suppose 159*f - 10080 = 7803 - 5481. What is the remainder when f is divided by 34?
10
Suppose b + 43*b - 10074 = 5590. What is the remainder when b is divided by 49?
13
Suppose 7*l - 2*s + 1009 = 10*l, -5*s + 1336 = 4*l. Calculate the remainder when l is divided by 30.
9
Let s = 33 + -14. Let v = -16 + s. Suppose 0 = -v*w + 6*w - 27. Calculate the remainder when w is divided by 6.
3
Suppose -3995*y + 3992*y - 391 = -5*f, -5*f + 387 = -y. What is the remainder when 96 is divided by f?
19
Suppose -12*b = -2521 - 2819. Calculate the remainder when 484 is divided by b.
39
Let w = 2734 + -2727. What is the remainder when 247 is divided by w?
2
Suppose 0 = o + 2*c - 18, 3*o - 82 = 4*c - 3*c. Let b = 57 + o. Calculate the remainder when b is divided by 29.
25
Let x(h) = 24*h + 207. Calculate the remainder when 2128 is divided by x(-8).
13
Let k be (-611)/(-91) + 6/21. Suppose -468 = 3*x - k*x. What is the remainder when x is divided by 60?
57
Let c(o) = 11*o + 1405. Calculate the remainder when c(34) is divided by 11.
8
Suppose 0 = 2*r + 5*d - 32, 4*r = -2*d - 0 + 32. Let y(a) = a**3 - 3*a**2 + 12*a - 39. Calculate the remainder when y(r) is divided by 24.
21
Calculate the remainder when ((-965)/2)/(2180/(-6104)) is divided by 336.
7
Let v(l) = l**3 - 55*l**2 + 21*l - 547. Calculate the remainder when v(55) is divided by 102.
98
Let c(j) = 354*j + 7108. What is the remainder when 1579 is divided by c(-20)?
11
Let n be 10/45 - ((-75)/27 - -3). Suppose d = -4*d + 5*x + 45, n = -2*d + 3*x + 15. Calculate the remainder when 118 is divided by d.
10
What is the remainder when ((-8)/(-6))/((-12)/(-1512)) is divided by (-70)/98 + 1200/112?
8
Let d(n) = -910*n + 6431. Calculate the remainder when 230 is divided by d(7).
47
Suppose -15*d = -7011 - 7119. Calculate the remainder when d is divided by 105.
102
Let a = -280 + 253. What is the remainder when 283 is divided by (-1 + 0)/(a/2565)?
93
Let d(o) = -o**3 + 56*o**2 + 114*o + 120. Let v be (-16)/2 + (-1518)/(-23). What is the remainder when 94 is divided by d(v)?
2
Let k(l) = -2*l**2 + 2*l + 3. Let s be k(3). Let t = -3 - s. Calculate the remainder when 63 is divided by t.
3
Calculate the remainder when (-6 + 3)/(-1*7/1281) is divided by 29.
27
Let n(q) = 4*q**3 - 4*q**2 + 3*q - 2. Let r(m) = 14*m**2 + 2*m - 31. Let u be r(7). Let p = -611 + u. What is the remainder when p is divided by n(2)?
18
Let a(v) = -6 + 8 + 9*v - 12 - v**2. Let t be (-4 - -3)/(2/(-24)*2). Calculate the remainder when a(t) is divided by 3.
2
Suppose 0 = 12*a - 10*a - r - 39, -r - 3 = 0. Let f(b) = -b + 6. Calculate the remainder when a is divided by f(0).
0
Let h(s) = -105*s - 228. Let v = -117 + 130. What is the remainder when h(-3) is divided by v?
9
Let m(j) = -21*j - 765. What is the remainder when m(-40) is divided by 6/(-8)*(1 - 5)?
0
Let c(m) = 3*m**3 - m**2 - m + 7. Let g be (2 - -2)*21/28. What is the remainder when c(g) is divided by 21?
13
Let d = 31 + -22. Suppose -86*z - 735 = 61*z. What is the remainder when (30/d)/(z/(-225)) is divided by 38?
36
Let i = 1689 - 1460. What is the remainder when i is divided by 46?
45
Let t be 3/((51/20)/(-17)). Let c(r) = -9*r - 135. What is the remainder when c(t) is divided by 16?
13
Let p = 7 - 4. Suppose -106 = a - p*a. Suppose 126*k - 823 - 2976 = -271. Calculate the remainder when a is divided by k.
25
Suppose 5*o + 581 = 2*o - 2*u, 5*o = 4*u - 1005. Let j = o + 236. What is the remainder when 150 is divided by j?
33
Let s(n) = 14*n. Let u be s(10). Suppose -116*w = -111*w - u. What is the remainder when 47 is divided by w?
19
Suppose 5*l = -2*u + 865, u - 22*l = -18*l + 426. Calculate the remainder when u is divided by 151.
128
Suppose 35*j - 134 = 33*j. Suppose 0 = -2*x - 9 + j. Suppose 3*r + 4*c = 25, 3*c + 2 = -4. Calculate the remainder when x is divided by r.
7
What is the remainder when 602 is divided by ((-800)/(-125))/4 + (-57)/(-5)?
4
Suppose 6*c - 5 = 7. Suppose -2*v = -10, -z + 2*v = c*z + 4. Suppose -5 = f + 2*b, -z*f - 7 = -3*f + 2*b. Calculate the remainder when 3 is divided by f.
0
Suppose -141*f + 138*f - 2*c + 129 = 0, 4*f - 5*c = 149. What is the remainder when 50 is divided by f?
9
Suppose -2*y + 27 = 7*y. Let r(l) = 4*l**2 + 3*l + 14. What is the remainder when r(y) is divided by 10?
9
Let y(r) be the second derivative of 31*r**3/6 + 7*r**2 + 53*r. Calculate the remainder when 49 is divided by y(1).
4
Let o be (5/(50/(-12)))/((-6)/15). Suppose -6*b = -b - 3*n, 3*n - 6 = o*b. What is the remainder when 44 is divided by -6*-4*b/(-24) - -19?
12
Suppose i = 2*i - 7. Let o be 980/80 + (-2)/8. Suppose z = o*z - 198. Calculate the remainder when z is divided by i.
4
Let v = 644 + -233. Let p = v + -405. Calculate the remainder when 25 is divided by p.
1
Suppose -50 = -3*s + 4*a, 0 = -18*s + 23*s + 3*a - 93. Calculate the remainder when 899 is divided by s.
17
Let i = -116 - -118. Suppose -7 = 5*s + l - 35, -i = -2*s - 5*l. What is the remainder when s is divided by (-76)/(-28) - (-2)/7?
0
Let b(w) = 5*w**2 - 10*w + 288. What is the remainder when b(12) is divided by 12?
0
Let i = 215 - -31. Suppose 4*h - n - i = 0, h + 67 = 2*h - 3*n. What is the remainder when h is divided by 24?
13
Let t(q) = 42*q**2 + 12*q - 34. Calculate the remainder when t(-6) is divided by 7.
6
Let l(g) = -4*g**2 + 35*g + 6. Let b(n) = -n**2 - n. Let u(y) = -2*b(y) + l(y). What is the remainder when 95 is divided by u(18)?
23
Suppose 0 = -88*h + 105162 - 40658. Calculate the remainder when h is divided by 92.
89
Suppose d + 4*d = 145. Suppose 3*z - 21 = -111. What is the remainder when d is divided by ((-36)/z)/((-2)/(-10))?
5
Let o = 1825 + -1789. Calculate the remainder when 209 is divided by o.
29
Suppose -13*p + 698 = -3319. What is the remainder when 1/((-1)/(-2 - p)) is divided by 78?
77
Calculate the remainder when (-3 - -5)*-1 - (-3216 + 8/4) is divided by 9.
8
Suppose 4 = -2*r + 22. Suppose -n + r*n = 24. Suppose 2*f = 4*d - 529 + 195, 15 = n*f. Calculate the remainder when d is divided by 31.
24
Suppose 3*b - 3*k - 551 = 199, 2*b + 4*k = 470. Let z = b + -243. What is the remainder when 14 is divided by z?
0
Let l(f) = -137*f - 82. Let t be l(-4). Let x = -463 + t. Let c = -21 - -31. What is the remainder when c is divided by x?
1
Let a = 7196 - 7199. Suppose 2 = t + 11. What is the remainder when (93/1)/(t/a) is divided by 16?
15
Suppose -1492*y + 1440 = -1468*y. Suppose h = 5*a - 6 + 62, 0 = 5*h - 2*a - 257. Let k = y - h. Calculate the remainder when k is divided by 6.
3
Let z be (0 - 18)*12/18. Let s = -2 - z. Let f = -3880 + 3904. Calculate the remainder when f is divided by s.
4
Calculate the remainder when (6/15)/(10/1775) is divided by 16/((-24)/(-3)) + 2.
3
Let y(n) = 8*n + 3. Let z = -514 + 165. Let l = -321 - z. What is the remainder when y(6) is divided by l?
23
Let n be ((-30)/25)/((-4)/(-130)). Let